 d + 2. Let q be l(-1). Let i = -20 + q. What is the units digit of i?
9
Suppose 5*m - 5*x - 35 = 0, m - 2*m - 4*x = 8. Suppose 0 = m*k - w - 80, 0*k - k = 4*w - 3. What is the tens digit of k?
1
Let w(i) = -15*i - 61. What is the tens digit of w(-13)?
3
Let j(v) = v**3 - 3*v**2 + 2*v + 1. Let z be j(2). Let a = -1 + -5. What is the tens digit of (-2)/(z + a/5)?
1
Let r(x) = x**3 + 5*x**2 + 5*x + 4. Let b be r(-3). Let u = -1 - 3. Let p = b + u. What is the units digit of p?
3
Let x = -2 - -6. Suppose -x*l + 4*q = 3*q + 22, l = -2*q - 10. Let p = l + 8. What is the units digit of p?
2
Suppose 2*g - 5*h - 2 = 30, 5*g - 22 = -2*h. Let o be (g + -18)*(-1)/2. Suppose -o*m + 4*w + 24 = -2*m, -22 = -3*m + 2*w. What is the units digit of m?
0
Let m be 6 + 1/(-1)*3. Suppose -m*b = -40 + 4. What is the tens digit of b?
1
Suppose -5*x - 6 = 4, -2*x + 8 = 3*f. Suppose -p = -j + f*j - 10, 2*p + 12 = 2*j. Let w = p + 5. What is the units digit of w?
3
Suppose 2*k = -5*c + 129, -2*c + 5*k + 47 = -22. What is the tens digit of c?
2
Let d = 3 - -23. Suppose -5*u - 2*b = d, 2*u + u + 18 = -2*b. Let x = u - -8. What is the units digit of x?
4
Let s = 289 + 60. What is the units digit of s?
9
Let w = 9 - -2. What is the tens digit of w?
1
Let z(c) = c**2 - 2*c + 81. Let i be z(0). Let x = i - 51. What is the tens digit of x?
3
Suppose -32*b + 35*b - 594 = 0. What is the units digit of b?
8
Suppose -k + 12 = s, -4*k - 2*s + 19 = -23. Let z = 10 + k. What is the units digit of z?
9
Let q(g) = 11 - g**2 + 0*g**2 - g**3 - 6 + 14. What is the tens digit of q(0)?
1
Suppose 6 = -h - h. What is the units digit of -2*h/(5 + -2)?
2
Let p = -99 + 101. What is the units digit of p?
2
Let o(b) be the second derivative of -b**4/12 - 7*b**3/6 - 3*b**2/2 - b. Let u be o(-6). Let y = u + 0. What is the units digit of y?
3
Let b = -3 - -3. What is the units digit of 1 + b + 1 + 1?
3
Let y(b) = -6*b - 11. Let r(h) = -h - 2. Let v(n) = 11*r(n) - 2*y(n). What is the units digit of v(5)?
5
Let q = 5 - 0. What is the units digit of -2*q*1/(-2)?
5
Suppose -1 = -w - 0*w. Let r = w + -19. Let b = -3 - r. What is the tens digit of b?
1
Suppose -2*b + 5*w + 33 = 0, 0 = -b - 2*w - 3 - 3. Suppose 2*o + 5*a = b*o - 44, a = -2*o + 20. What is the units digit of o?
2
Let a(l) = -l**3 - 8*l**2 - 3*l - 9. Let p be 2*(-2)/(-4) + -9. What is the tens digit of a(p)?
1
Suppose 5*c - g - 29 = 0, -27 = -5*c - 0*c + 3*g. What is the units digit of c?
6
Suppose -m - 1 = -0*u - 2*u, -5*u = 2*m + 11. Let q(d) be the second derivative of -d**3/6 + d. What is the units digit of q(m)?
3
Suppose 327 = 5*u + 27. What is the tens digit of u?
6
Suppose 0 = 2*c + 3*k - 220, 4*c = 2*k + 2*k + 420. What is the tens digit of c?
0
Let v(b) = 6*b + 3 + 7*b - 2 + 0. What is the tens digit of v(1)?
1
Let n = 6 + -6. Suppose n*f - f - 3*h = 9, 4*f = 3*h + 39. What is the units digit of f?
6
Let j be 5/((-9)/3 - -2). Let t = j - -6. What is the units digit of t?
1
What is the units digit of (-2)/4 + (-149)/(-2)?
4
Let j = 17 + -11. What is the units digit of j?
6
Let t = -133 + 196. What is the units digit of t?
3
Suppose j - 21 = -5. What is the units digit of j?
6
Let o(g) = -2*g + 6. Let h(k) = -k + 7. Let m(b) = 3*h(b) - 4*o(b). Let f = -7 - -9. What is the units digit of m(f)?
7
Let m be 7 + (-6)/(-3) + -4. Suppose m*f = 2*f - 2*b + 19, 5*b + 15 = 5*f. Suppose -4*j + 24 = 4*w, 0 = -0*j + 3*j - f*w - 18. What is the units digit of j?
6
Let x = -114 - -215. What is the units digit of x?
1
Let h = 389 - 210. What is the tens digit of h?
7
Let p(l) = l + 2. Let v be p(-7). Let h = 5 + v. Suppose h = 2*y + 2*y - 32. What is the units digit of y?
8
Let d(y) = 7*y + 7. Let i(u) = -8*u - 8. Let h(s) = -5*d(s) - 4*i(s). Suppose 6 = 2*o - a + 5*a, 4*o + 15 = a. What is the units digit of h(o)?
6
Suppose 5*p + 5*l = 855, 3*p = -l - 40 + 557. What is the tens digit of p?
7
Let d(h) = 13*h + 1. Let m be d(1). Let y = m - 6. What is the units digit of y?
8
Let o be 1/(-3 + 15/6). What is the units digit of 3 + 0/(-3) + o?
1
Suppose 8*y + 8 = 6*y. Suppose -2*j + 0*f + 4 = -4*f, -2*j = -2*f. What is the units digit of 9/j*y/6?
3
Let k be (-2 + -826)/(-4) + 3. What is the units digit of 24/14*k/20?
8
Suppose 0*r + 5*f = -2*r + 119, r = -5*f + 57. What is the tens digit of r?
6
Suppose 59 = 2*f + 3*c, -5*f + 35 + 95 = 4*c. What is the tens digit of f?
2
Let n = -67 + 134. What is the units digit of n?
7
Suppose 0 = 4*z - 3*z - 35. What is the tens digit of z?
3
Suppose 4*o - 17 = 3*k, -k - o = 2*k - 8. What is the units digit of k?
1
Let c(q) = -36*q + 8. What is the units digit of c(-5)?
8
Let z(f) = -f**3 - f**2 - 3*f - 3. Let k be z(-2). Suppose k*s - 66 = 4*s. What is the tens digit of s?
2
Suppose -q - 1 = -25. Suppose -4*s = s + p - 40, q = 3*s - p. What is the units digit of s?
8
Let j be -4*(-3)/6 + -47. What is the units digit of ((-2)/(-3))/((-10)/j)?
3
Suppose 2 = -2*q + u + 15, 0 = -3*u - 9. Suppose -36 = -q*r + 2*r. What is the units digit of r?
2
Suppose -h = 5*x + 30 - 11, -55 = -5*h + 5*x. Suppose 4*z + t = 6, -2*z - t - 4*t = h. Suppose -z*u + 7 = -17. What is the tens digit of u?
1
Suppose -o - 5*o + 54 = 0. What is the units digit of o?
9
Suppose 7*m + 2 = 6*m. Suppose -2*q = 2*q. Let i = q - m. What is the units digit of i?
2
Suppose -3*x + 6*x = 0. Let d(q) = 1 - 4*q + 2 + 3*q. What is the units digit of d(x)?
3
What is the units digit of (3 - -117)*((-4)/(-10) + 0)?
8
Let a(v) = 6*v - 14. What is the units digit of a(7)?
8
Let k(f) = 3*f**2 - 3*f - 4. Let s(u) = u**3 + 6*u**2 - u + 3. Let y be s(-6). Suppose -3*l + y = -0*l. What is the tens digit of k(l)?
1
Suppose -3*y + 5*y + 2 = 0. Let p = 3 - y. Suppose 7*t - 24 = p*t. What is the units digit of t?
8
Let h(o) = 17*o. Let a = 2 - 1. What is the units digit of h(a)?
7
Suppose 0 = -5*w + 25. Let m = 8 + w. What is the tens digit of m?
1
Let a(m) = -m + 12. Let u(g) = -g**3 + 9*g**2 - 8*g + 5. Let l be u(8). Suppose -l*h = -0*h. What is the units digit of a(h)?
2
Suppose -9 = -4*y + 3. Suppose l = -y*l + 56. What is the units digit of l?
4
Suppose 7 = -b - 5*v, 0 = -b - 3*v + 1 - 2. What is the units digit of b?
8
Let l = 192 - 69. What is the units digit of l?
3
Let g(k) = -3*k**2 + k + 1. Let z(p) = -7*p**2 + 2*p + 2. Let q(v) = -5*g(v) + 2*z(v). Let j = 8 - 4. What is the tens digit of q(j)?
1
Suppose 0 = 4*b - 0*b - 120. What is the tens digit of b?
3
Let b(p) = p**3 + 15*p**2 + 19*p + 20. What is the hundreds digit of b(-12)?
2
Let x(m) = 2*m**2 + 8*m + 6. Let j be 240/(-42) - (-4)/(-14). What is the units digit of x(j)?
0
Let g(b) = -24 + 8*b + 9*b**2 - 11 + 42 + b**3. What is the units digit of g(-8)?
7
Let z(f) = 5*f**2 + 4*f. What is the units digit of z(-4)?
4
Suppose 5*g - 30 = -5*d, 3*d - 2*d + 3 = 2*g. Suppose -d*s = -4*s + 18. What is the tens digit of s?
1
Let g be -2 - (10 + -2)*-1. Let c(l) = 3*l + 8. Let t(u) = u. Let q(r) = c(r) - 4*t(r). What is the units digit of q(g)?
2
Let u(y) = 13*y**2. Let v be u(-1). Let q = v - -11. What is the units digit of q?
4
Suppose -374 = -5*v - 124. What is the tens digit of v?
5
Suppose 0 = -q - 1, -2*q = 2*u - u - 1. Let p = 10 - u. What is the units digit of p?
7
Let h(i) = 7*i - 12. What is the units digit of h(2)?
2
Let b be 3/9 - 38/6. What is the units digit of 142/12 + (-1)/b?
2
Let r(t) = 2*t - 8. Let n(f) = f - 7. Let h be n(0). Let s be 80/14 + (-2)/h. What is the units digit of r(s)?
4
Let j = -4 + 6. What is the units digit of (-49 + 9)*j/(-5)?
6
Let y = -1 - -4. Suppose -4*w - 18 = -a, y*a + 4*w - 19 - 3 = 0. Suppose 3*c + g - a = 0, 2*c + 3*g - 8*g = 18. What is the units digit of c?
4
Let t = -4 + 18. What is the tens digit of t?
1
Let b be -2*(-1)/(-4)*26. Let s = -10 - b. What is the units digit of s?
3
Let a = -3 + -1. Let r(o) = -4*o**2 - o - 2*o**3 + o**3 - 2 + 6. What is the units digit of r(a)?
8
Let u(r) = 2*r. Let y(c) = c**2 + c - 1. Let w be y(1). What is the units digit of u(w)?
2
Let v(w) be the second derivative of w**3/3 - 9*w**2/2 - 2*w. Let p be v(6). Suppose -4 = -0*o - p*o + 5*d, o - 2*d = 0. What is the units digit of o?
8
Suppose 0 = 3*h + 3*k - 120, -4*k = 2*h - 5*k - 89. What is the units digit of h?
3
Suppose -9 = v - 32. What is the units digit of v?
3
Suppose 0 = 3